+ z**2/2 + z. Suppose 2*x + 5*d - 20 = -3*x, -3*d - 20 = -5*x. Let p = -3 + x. What is a(p)?
9
Let p(m) = -2*m + 1. Let g(l) = 2*l - 2. Let q(k) = -4*g(k) - 5*p(k). Determine q(-4).
-5
Let y(n) = 5*n - 2. Let o = 29 + -32. Give y(o).
-17
Let d(r) be the third derivative of r**8/20160 + r**7/1008 - r**6/80 + r**5/12 - 5*r**2. Let p(g) be the third derivative of d(g). What is p(-7)?
5
Let x(t) = t**3 + 4*t**2 + t + 2. Suppose 2 = f - 4*n, 0 = -0*f + 2*f - n + 3. Calculate x(f).
8
Let q(r) = r**3 + 7*r**2 - 9*r - 4. Let z be (-4 - 0)*(0 + 2). Give q(z).
4
Suppose -5*q - y = 3*y - 2, -q + 5*y = -12. Let p(d) = 3*d - 1. Determine p(q).
5
Let r(v) = 3*v**2 + v + 1. Suppose 5 = f + 3. Determine r(f).
15
Suppose -2*n + 8*n = -12. Let f(j) = 2*j**2 - j - 5*j**2 - j. What is f(n)?
-8
Let b = 11 + -15. Let q(r) = 3 + 1 - 12*r + 3*r + 8*r. Calculate q(b).
8
Let n be 17 - (2 - 0) - 1. Suppose 0*s - n = -2*s. Let i(l) = -6 + 3*l + l**3 + s*l**2 - 8*l**2 + 7*l**2. Give i(-5).
4
Let t(d) = d**3 + 6*d**2 + d + 4. Let q be (-2)/16 + 328/64. Suppose q*i = 25, -k + 0*k = 3*i - 9. Determine t(k).
-2
Let v(x) = x**2 + 2*x - 4. Let i be v(-4). Let z(k) = k**3 - 4*k**2 + 3*k - 6. What is z(i)?
6
Let y(g) = -7*g + 5. Let j(m) = -22*m + 14. Let c(u) = -5*j(u) + 16*y(u). Determine c(7).
-4
Let c(l) = -l**2 + 4*l - 3. Let k be c(2). Let f = k - 1. Let i(x) = x - 2. Determine i(f).
-2
Let s(q) = -6*q + 1 - q**2 + 6*q + 2. Calculate s(0).
3
Let m(t) = -t + 12. Let k be m(7). Suppose o - 10 = -k. Let c(d) be the third derivative of -d**6/120 + d**5/12 - d**3/3 + 2*d**2. What is c(o)?
-2
Let x(l) = -6*l**3 + 2*l + 2. Let a be x(-1). Let q(i) = 7*i - 3. Let t(y) = -3*y + 1. Let v(z) = -2*q(z) - 5*t(z). Determine v(a).
7
Let v(x) = x**3 + 13*x**2 + 12*x - 7. Suppose 0 = -n - 15 + 3. Determine v(n).
-7
Let h(d) = d**2 - 4*d + 3. Let w = -10 - -14. Give h(w).
3
Let o(d) = 3*d. Let f(g) = 13*g + 1. Let p(k) = -2*f(k) + 9*o(k). Determine p(3).
1
Suppose 10*u - 15*u + 35 = 0. Let s(k) = -k**3 + 6*k**2 + 5*k + 5. Calculate s(u).
-9
Let j(g) = -6*g - 33. Let t be j(-5). Let x(u) = -u**3 - 4*u**2 + u + 2. Give x(t).
-10
Let t(w) be the second derivative of 2*w**3/3 + w**2 - w. Determine t(2).
10
Let v(j) be the second derivative of j**5/20 + 5*j**4/12 - j**3/2 - 3*j**2/2 - 4*j. Give v(-5).
12
Let k(y) be the second derivative of -1/4*y**4 + 1/120*y**5 + 0*y**3 + 1/120*y**6 + 0 + 0*y**2 + 4*y. Let w(i) be the third derivative of k(i). Determine w(-1).
-5
Let z(x) = x + 3. Let q(d) = -7*d + 12. Let k be q(2). Calculate z(k).
1
Suppose -10 = -2*s - 3*s + 5*v, -5*v + 15 = 0. Let h(m) = 4*m**2 - 3*m**2 - 3 - 2 - 3*m. What is h(s)?
5
Let i(j) be the second derivative of -j**4/12 - 7*j**3/6 - 3*j**2 + 3*j. Let l be i(-7). Let b be (14 + -5)*(-2)/l. Let q(s) = -2*s + 2. Determine q(b).
-4
Let o(q) = q**2 - 1 - 1 - 2*q**2 - 5. Give o(0).
-7
Let a(v) = 5 - 6 + 3*v - 10*v. Suppose t + 0*t + 4 = 0. Let c = t - -5. What is a(c)?
-8
Let w(b) = 6*b + 1. Let m(v) = -2*v + 2. Let z be m(-7). Suppose 3*x + x - z = 0. Let p(y) = -5*y - 1. Let o(n) = x*w(n) + 5*p(n). What is o(1)?
-2
Let w(j) = j**3 - 1. Let m(k) = 4*k**3 - 4*k**2 - 9. Let d(c) = m(c) - 5*w(c). Calculate d(-4).
-4
Let i(w) = -w**2 - w. Let n be i(2). Let z be (-2 - 1) + 12 + n. Let j(v) = 2*v**2 - v - 3. Calculate j(z).
12
Let v(t) be the first derivative of -t**4/12 + t**3/2 + 3*t**2/2 + 2. Let j(x) be the second derivative of v(x). Calculate j(-3).
9
Let z(d) = 3*d**3 - 10*d**2 + 8*d + 14. Let j(f) = 7*f**3 - 20*f**2 + 16*f + 29. Let v(a) = -2*j(a) + 5*z(a). Give v(9).
3
Let n be (-2)/(-8) + 26/(-8). Let w(y) = -y + 3. Let r(b) = -b + 1. Let v(i) = -2*r(i) + w(i). Let u be v(n). Let g(o) = -o - 2. Determine g(u).
0
Suppose -4*o - 4*s = 12, -5*o + 0 - 1 = -2*s. Suppose -k - 4*z = -3*z + 1, -4*k + 5*z = -5. Let c(h) = -3*h + h**2 + 2*h + 0*h + k*h**2. Give c(o).
2
Let d(g) = g**3 - 7*g**2 - 8*g + 3. Let z = 60 + -52. Give d(z).
3
Let w(f) = f**3 - 9*f**2 - f + 10. Suppose 1 = -v + 10. Give w(v).
1
Suppose -6 = -6*f + 4*f. Suppose -5*w - 4*x + 8 = -21, 0 = 3*w + 3*x - 18. Let l(i) = -2*i - w + 2 + i**3 + 2 - 2*i**2. Determine l(f).
2
Let w(p) be the first derivative of -3*p + 1/4*p**4 + 2 + 0*p**2 - p**3. Let x = 0 + 3. What is w(x)?
-3
Let d(l) = -7 + l**2 - l + 2 + 4. Suppose 0 = -3*v + 2*v + w + 8, -5*v = 5*w + 10. Calculate d(v).
5
Let b(q) = -q**2 - 6*q + 1. Let r(n) = -7*n**2 + n. Let a be r(1). Determine b(a).
1
Let u be 6/3*1/1. Let m(s) = 13*s**2 + s**2 - 14*s + 15*s - 2*s**u. Give m(-1).
11
Let y(t) = 10 - 6 - t + 3. Suppose -15 = -4*p + p. Suppose q - 4*q - 25 = -2*a, -p*q = 2*a + 15. What is y(a)?
2
Let n(a) = -a**3 + 4*a**2 + a - 4. Let h(i) = 4*i - 9. Let b be h(3). What is n(b)?
8
Let l(i) be the second derivative of -i**6/720 - i**5/30 - i**4/3 + 3*i. Let g(s) be the third derivative of l(s). Give g(-5).
1
Let s be (-3)/12 + 202/8. Suppose 0 = -3*h + 8*h - 4*k - 10, s = -5*k. Let r(n) be the third derivative of -n**5/60 - n**4/12 + n**3/3 - n**2. Calculate r(h).
2
Let i(k) = k**2 + k + 2. Suppose 2*w + 6 = -3*w + 3*o, -3*o = -w - 6. Give i(w).
2
Let s(z) = 4*z - 1 + z**2 + 2 + 0*z. Let n(j) = 3*j**2 + 8*j + 1. Let i(r) = -2*n(r) + 5*s(r). Calculate i(5).
-2
Let j = 9 - 6. Let v(r) be the third derivative of 0 + 0*r - 1/24*r**4 + 4*r**2 + 2/3*r**3. What is v(j)?
1
Suppose -2*j + j + 19 = -4*g, -j = 4*g + 21. Let t(d) = -d. Give t(g).
5
Let l(f) = 11*f**2 + 2*f - 1. Suppose 5*t = 5 - 0. What is l(t)?
12
Let b(t) = 2*t**3 - t**2 + 4*t + 4. Let z(x) = -x**3 - 2*x - 2. Let q(d) = -3*b(d) - 5*z(d). Suppose -3*w - 1 + 4 = 0. Suppose w = 2*a - 3. Determine q(a).
-2
Suppose 0 = -z + 2*z + 2. Let l(a) = 6*a. Let c(t) = 12*t - 1. Let o(j) = -3*c(j) + 7*l(j). Determine o(z).
-9
Let i(l) = l - 3. Let r be i(4). Let v be (0 - 0)*r/2. Let q(y) = -3*y**2 - 2*y - 4. Let x(p) = -7*p**2 - 5*p - 8. Let h(a) = 5*q(a) - 2*x(a). Determine h(v).
-4
Suppose -4*j = -i - i + 4, -4*i - 3*j = 3. Let o(s) = 2*s - 2*s**3 + s**3 + i*s**3 - s + 2*s**2. What is o(3)?
-6
Let o(c) be the first derivative of c**4 - 2*c**3/3 - c**2 - c - 13. What is o(-1)?
-5
Let z(c) = 6 - c**3 + 8*c**2 - 3 - 8*c - 6. Determine z(7).
-10
Let z(m) = -8 + 11 - m - 1. Give z(1).
1
Suppose -38*q + 35*q = 9. Let l(k) = 7*k. Calculate l(q).
-21
Let h(t) = -t**3 + 4*t**2 + t - 2. Let v be h(4). Let p(k) = -4*k - 5. Let o(c) = -6*c - 8. Let d(a) = 5*o(a) - 8*p(a). Give d(v).
4
Let g(l) = -12*l. Let o(x) = -102*x. Let r(f) = -42*g(f) + 5*o(f). Give r(1).
-6
Let o(j) be the second derivative of -j**5/20 - j**4/2 - 4*j**3/3 - 2*j**2 + 7*j. What is o(-5)?
11
Let z(b) = 12*b + 4 + 0*b**2 - 4*b + b**2 - 4*b. Determine z(-3).
1
Let k be (0 - -2)/2*3. Suppose k*x + 3 = 4*x. Let v(b) = x*b - 6*b - 2 + 0*b. What is v(-2)?
4
Let q(c) = -c**3 + 5*c**2 - 6*c + 3. Let k be (2/4)/((-10)/(-80)). What is q(k)?
-5
Let i = 36 + 36. Let o be (-4)/(-6)*i/(-16). Let z(j) be the first derivative of -j**3/3 - j + 1. What is z(o)?
-10
Let g be (2 + -1)/(2/(-2)). Let r(o) = 9*o**2 - o - 1. What is r(g)?
9
Let p(q) = 16*q**2 + 6 - 15*q**2 - 5*q - 3. Calculate p(4).
-1
Let o = -3 + 5. Let w(q) = -6*q**2 - q + 26. Let i(t) = -t**2 + 5. Let c(v) = o*w(v) - 11*i(v). Determine c(-3).
-6
Let z(a) be the third derivative of 23*a**5/60 - 13*a**4/24 - 2*a**3/3 - a**2. Let d(k) = -6*k**2 + 3*k + 1. Let r(j) = -9*d(j) - 2*z(j). Determine r(-1).
8
Let p(g) = 331*g**2 - 331*g**2 - g**3 - 2*g. Determine p(2).
-12
Let k(t) = t**3 - 4*t**2 + 5*t - 3. Let m(l) = -l**2 + 2*l + 3. Let x be m(2). Determine k(x).
3
Let q be (-23)/(-7) + (-8)/28. Suppose 0 = -h - q, -4*n - 5 + 28 = -5*h. Let d(i) = 2*i**2 - i**3 + 3 - 3*i + 0 - 1. Determine d(n).
-4
Let j = 8 + -7. Suppose -4*r = 4*g + 8, 3 = r - 2*g - j. Let w(k) = k**2 - k + 6. Determine w(r).
6
Suppose -3*q - 10 - 8 = 0. Let c(h) = -3 - 86*h**2 - 87*h**2 + 3 + 168*h**2 - h**3 + 6*h. Calculate c(q).
0
Let r(x) = -346*x + 678*x - 346*x. What is r(-1)?
14
Let k(g) = g**3 - 6*g**2 + 2*g - 8. Let b be (-1)/(-2 - -1) - -3. Let v(m) = -m**3 - 6 + 5*m - b*m**2 - 2*m**2 - 2. Let n be v(-7). What is k(n)?
4
Suppose 0 = -4*c + 2*c - 8. Let w(y) = y**2 + 3*y. What is w(c)?
4
Let h(v) = -v - 9. Let m = 20 + -24. What is h(m)?
-5
Suppose 3*b - 9 + 0 = 0. Suppose 3*o - o = -4*q + 20, 18 =